{"id":15,"date":"2020-10-22T10:43:36","date_gmt":"2020-10-22T08:43:36","guid":{"rendered":"http:\/\/narloch-buildings.de\/?page_id=15"},"modified":"2023-06-26T20:21:57","modified_gmt":"2023-06-26T18:21:57","slug":"startseite","status":"publish","type":"page","link":"https:\/\/narloch-buildings.de\/","title":{"rendered":"Startseite"},"content":{"rendered":"\n<p>Willkommen auf der Statseite des renommierten Architekturb\u00fcros Narloch! Mit stolzen 30 Jahren Erfahrung sind wir Ihr zuverl\u00e4ssiger Partner in der Architekturbranche. Unser breites Spektrum an Leistungen umfasst sechs verschiedene Branchen, in denen wir erfolgreich t\u00e4tig sind. Insgesamt haben wir bereits \u00fcber 1000 Projekte mit Bravour abgeschlossen.<\/p>\n\n\n\n<p>Bei uns stehen Ihre individuellen W\u00fcnsche im Mittelpunkt. Vom ersten Gedanken \u00fcber den Entwurf bis hin zur sorgf\u00e4ltigen Ausf\u00fchrung begleiten wir Sie bei jedem Schritt. Unser Ziel ist es, Ihnen den perfekten Raum zu schaffen, der Ihren Vorstellungen entspricht.<\/p>\n\n\n\n<p>Das Architekturb\u00fcro Narloch setzt auf h\u00f6chste Qualit\u00e4t und innovative L\u00f6sungen. Unsere Expertise erstreckt sich \u00fcber unterschiedliche Bereiche wie St\u00e4dtebau, Landwirtschaftliches Bauen, Industriebau, Wohn- und Mehrfamilienhausbau, Wohnungssanierungen und Kommunalbau. Wir sind stolz darauf, unseren Kunden ma\u00dfgeschneiderte L\u00f6sungen anzubieten, die h\u00f6chsten Anspr\u00fcchen gerecht werden.<\/p>\n\n\n\n<p>Unser engagiertes Team aus erfahrenen Architekten und Fachleuten garantiert Ihnen eine professionelle Beratung und eine reibungslose Umsetzung Ihres Projekts. Wir legen gro\u00dfen Wert auf eine enge Zusammenarbeit mit unseren Kunden, um deren Visionen und Bed\u00fcrfnisse optimal umzusetzen.<\/p>\n\n\n\n<p>Von der Idee bis zur Fertigstellung stehen wir Ihnen jederzeit zur Seite. Unser Anspruch ist es, Ihnen ein Zuhause oder einen Arbeitsplatz zu schaffen, der Ihre Pers\u00f6nlichkeit widerspiegelt und h\u00f6chsten Komfort bietet. Vertrauen Sie auf unsere langj\u00e4hrige Erfahrung und unser Know-how, um Ihre Tr\u00e4ume zu verwirklichen.<\/p>\n\n\n\n<p>Wenn Sie nach einem Architekturb\u00fcro suchen, das alle Aspekte Ihres Bauprojekts abdeckt, sind Sie bei uns genau richtig. Kontaktieren Sie das Architekturb\u00fcro Narloch noch heute, um Ihre Pl\u00e4ne in die Realit\u00e4t umzusetzen.<\/p>\n\n\n\n<div class=\"ec-shortcode-outer-wrap ec-template5 \" style=\"background-color: #aaada8\" >\r\n\t\t<div class=\"ec-counter-items-wrap ec-column-3 clearfix\" >\r\n\t\t\t\t\t<div class='ec-counter-item ec-counter-item-1'>\r\n\t\t\t\t<div class=\"ec-count-content\"><span class=\"ec-count-number\" data-enable='on' >30<\/span><\/div>\r\n\t\t<div class=\"ec-count-title\">Jahre Erfahrung<\/div>\r\n\t\t\t\t<\/div>\r\n\t\t\t\t\t\t<div class='ec-counter-item ec-counter-item-2'>\r\n\t\t\t\t<div class=\"ec-count-content\"><span class=\"ec-count-number\" data-enable='on' >6<\/span><\/div>\r\n\t\t<div class=\"ec-count-title\">Branchen<\/div>\r\n\t\t\t\t<\/div>\r\n\t\t\t\t\t\t<div class='ec-counter-item ec-counter-item-3'>\r\n\t\t\t\t<div class=\"ec-count-content\"><span class=\"ec-count-number\" data-enable='on' >1000<\/span><\/div>\r\n\t\t<div class=\"ec-count-title\">Projekte<\/div>\r\n\t\t\t\t<\/div>\r\n\t\t\t\t<\/div>\r\n<\/div>\t<style type='text\/css' media='all'>\r\n\t\t\t.ec-template5 .ec-counter-item-1 .ec-count-content .ec-count-number { color: #fbcb66; }\r\n\r\n\t\t.ec-template5 .ec-counter-item-1 .ec-count-title { font-size: 20px; }\r\n\t\t.ec-template5 .ec-counter-item-2 .ec-count-content .ec-count-number { color: #fbcb66; }\r\n\r\n\t\t.ec-template5 .ec-counter-item-2 .ec-count-title { font-size: 20px; }\r\n\t\t.ec-template5 .ec-counter-item-3 .ec-count-content .ec-count-number { color: #fbcb66; }\r\n\r\n\t\t.ec-template5 .ec-counter-item-3 .ec-count-title { font-size: 20px; }\r\n\t\t<\/style>\r\n\t\n\n\n\n<p><\/p>\n\n\n\n<div class=\"wp-block-columns is-layout-flex wp-container-2\">\n<div class=\"wp-block-column is-layout-flow\"><\/div>\n<\/div>\n","protected":false},"excerpt":{"rendered":"<p>Willkommen auf der Statseite des renommierten Architekturb\u00fcros Narloch! Mit stolzen 30 Jahren Erfahrung sind wir Ihr zuverl\u00e4ssiger Partner in der Architekturbranche. Unser breites Spektrum an Leistungen umfasst sechs verschiedene Branchen, in denen wir erfolgreich t\u00e4tig sind. Insgesamt haben wir bereits \u00fcber 1000 Projekte mit Bravour abgeschlossen. Bei uns stehen Ihre individuellen W\u00fcnsche im Mittelpunkt. Vom &hellip; <\/p>\n<p class=\"link-more\"><a href=\"https:\/\/narloch-buildings.de\/\" class=\"more-link\"><span class=\"screen-reader-text\">\u201eStartseite\u201c<\/span> weiterlesen<\/a><\/p>\n","protected":false},"author":1,"featured_media":0,"parent":0,"menu_order":0,"comment_status":"closed","ping_status":"closed","template":"","meta":[],"_links":{"self":[{"href":"https:\/\/narloch-buildings.de\/index.php?rest_route=\/wp\/v2\/pages\/15"}],"collection":[{"href":"https:\/\/narloch-buildings.de\/index.php?rest_route=\/wp\/v2\/pages"}],"about":[{"href":"https:\/\/narloch-buildings.de\/index.php?rest_route=\/wp\/v2\/types\/page"}],"author":[{"embeddable":true,"href":"https:\/\/narloch-buildings.de\/index.php?rest_route=\/wp\/v2\/users\/1"}],"replies":[{"embeddable":true,"href":"https:\/\/narloch-buildings.de\/index.php?rest_route=%2Fwp%2Fv2%2Fcomments&post=15"}],"version-history":[{"count":35,"href":"https:\/\/narloch-buildings.de\/index.php?rest_route=\/wp\/v2\/pages\/15\/revisions"}],"predecessor-version":[{"id":275,"href":"https:\/\/narloch-buildings.de\/index.php?rest_route=\/wp\/v2\/pages\/15\/revisions\/275"}],"wp:attachment":[{"href":"https:\/\/narloch-buildings.de\/index.php?rest_route=%2Fwp%2Fv2%2Fmedia&parent=15"}],"curies":[{"name":"wp","href":"https:\/\/api.w.org\/{rel}","templated":true}]}}